{"id":856,"date":"2021-05-31T11:31:15","date_gmt":"2021-05-31T09:31:15","guid":{"rendered":"http:\/\/latetdanslesetoiles.com\/?page_id=856"},"modified":"2021-05-31T16:27:51","modified_gmt":"2021-05-31T14:27:51","slug":"theatre-lyrique","status":"publish","type":"page","link":"https:\/\/latetdanslesetoiles.com\/index.php\/theatre-lyrique\/","title":{"rendered":"Th\u00e9\u00e2tre Lyrique"},"content":{"rendered":"\n<p style=\"font-size:24px\"><strong>Saint-Sa\u00ebns, le voyageur amoureux de l\u2019Orient<\/strong><\/p>\n\n\n\n<p class=\"has-text-color has-vivid-cyan-blue-color\"><em>Second mouvement<\/em><\/p>\n\n\n\n<p>Camille Saint-Sa\u00ebns avait pour la voix humaine la plus haute consid\u00e9ration. C\u2019\u00e9tait pour lui \u00ab l\u2019instrument par excellence, le seul instrument vivant5 \u00bb. Il alla jusqu\u2019\u00e0 qualifier \u00ab les<br>autres, les instruments fabriqu\u00e9s par nos mains, [de] p\u00e2les et maladroites imitations de la voix humaine6 \u00bb. Ses toutes premi\u00e8res compositions, dat\u00e9es de 1841, furent d\u2019ailleurs des m\u00e9lodies (Le Soir, barcarolle \u00e0 deux voix et La Maman). Il en composa beaucoup d\u2019autres, notamment des m\u00e9lodies de concert avec accompagnement orchestral.<br><br>Ce programme se compose d\u2019oeuvres orchestrales et de m\u00e9lodies avec orchestre interpr\u00e9t\u00e9es par l\u2019Op\u00e9ra Volubilis Orquestra et les artistes lyriques formant la troupe du spectacle R\u00eaverie orientale (cr\u00e9ation 2021).<\/p>\n\n\n\n<p class=\"has-text-color has-vivid-cyan-blue-color\">S<strong>ynopsis<\/strong><\/p>\n\n\n\n<p class=\"has-text-color has-very-dark-gray-color\">Un narrateur, biographe de Saint-Sa\u00ebns, retrace un voyage du compositeur. Tel une hirondelle, l\u2019illustre musicien part de Paris pour fuir les frimas d\u00e8s l\u2019automne. Il rejoint Marseille, o\u00f9 il embarque pour l\u2019Alg\u00e9rie. Apr\u00e8s un s\u00e9jour en Alger, il rejoindra l\u2019\u00c9gypte et, poussant sa qu\u00eate toujours plus loin vers l\u2019Extr\u00eame-Orient, qui sait s\u2019il n\u2019ira pas, un jour, jusqu\u2019au Japon ?<\/p>\n\n\n\n<p class=\"has-text-color has-vivid-cyan-blue-color\"><br><strong>Prologue : Paris<\/strong><\/p>\n\n\n\n<p>\u00c0 Paris, Camille Saint-Sa\u00ebns cherche un moyen de se soustraire au bruit et \u00e0 l\u2019agitation pour composer en paix. Il d\u00e9cide d\u2019aller passer quelques mois loin de la capitale, au soleil.<\/p>\n\n\n\n<p class=\"has-text-color has-vivid-cyan-blue-color\"><strong>Premi\u00e8re partie : Alg\u00e9rie<\/strong><\/p>\n\n\n\n<p>Pr\u00e9c\u00e9d\u00e9e d\u2019une sc\u00e8ne inaugurale, la Suite alg\u00e9rienne sert d\u2019ouverture a une deuxi\u00e8me sc\u00e8ne<br>au cours de laquelle les solistes interpr\u00e8tent huit m\u00e9lodies de Saint-Sa\u00ebns (R\u00eaverie, Plainte,<br>L\u2019Attente, Souvenances, Soir\u00e9e en mer, L\u2019Enl\u00e8vement, Th\u00e8me vari\u00e9, Le Lever de la lune).<\/p>\n\n\n\n<p class=\"has-text-color has-vivid-cyan-blue-color\"><br><strong>Seconde partie : Moyen-Orient<\/strong><\/p>\n\n\n\n<p>Apr\u00e8s l\u2019entracte, la rhapsodie pour piano et orchestre Africa ouvre la seconde partie. Elle est suivie d\u2019une sc\u00e8ne d\u00e9bouchant sur le cycle Nuit persane (pour orchestre de chambre, quatre voix et un narrateur).<\/p>\n\n\n\n<p class=\"has-text-color has-vivid-cyan-blue-color\"><br><strong>Op\u00e9ra Volubilis Orquestra<\/strong><\/p>\n\n\n\n<p>Cordes<br>Alain Moglia, Benjamin Viguier, Audrey Irles, Roxane Kowalski, violon<br>Diane Dubon, Aude Massat, Sylvia Blondeau, alto <br>Isabelle Massat-Nazon, M\u00e9lody Giot, violoncelle <br>Emma Folcher, contrebasse<br>Autres pupitres : distribution en cours<\/p>\n\n\n\n<hr class=\"wp-block-separator\"\/>\n\n\n\n<p><br>5SAINT-SA\u00cbNS, \u00ab L\u2019illusion wagn\u00e9rienne \u00bb, Portraits et souvenirs, p. 216.<\/p>\n\n\n\n<p><br><em>6Ibi<\/em>dem.<\/p>\n\n\n\n<p><\/p>\n\n\n\n<p><\/p>\n","protected":false},"excerpt":{"rendered":"<p>Saint-Sa\u00ebns, le voyageur amoureux de l\u2019Orient Second mouvement Camille Saint-Sa\u00ebns avait pour<a class=\"blog-post-excerpt-more\" href=\"https:\/\/latetdanslesetoiles.com\/index.php\/theatre-lyrique\/\" rel=\"bookmark\"><i class=\"fa fa-angle-double-right\"><\/i><\/a><\/p>\n","protected":false},"author":1,"featured_media":0,"parent":0,"menu_order":0,"comment_status":"closed","ping_status":"closed","template":"","meta":[],"_links":{"self":[{"href":"https:\/\/latetdanslesetoiles.com\/index.php\/wp-json\/wp\/v2\/pages\/856"}],"collection":[{"href":"https:\/\/latetdanslesetoiles.com\/index.php\/wp-json\/wp\/v2\/pages"}],"about":[{"href":"https:\/\/latetdanslesetoiles.com\/index.php\/wp-json\/wp\/v2\/types\/page"}],"author":[{"embeddable":true,"href":"https:\/\/latetdanslesetoiles.com\/index.php\/wp-json\/wp\/v2\/users\/1"}],"replies":[{"embeddable":true,"href":"https:\/\/latetdanslesetoiles.com\/index.php\/wp-json\/wp\/v2\/comments?post=856"}],"version-history":[{"count":3,"href":"https:\/\/latetdanslesetoiles.com\/index.php\/wp-json\/wp\/v2\/pages\/856\/revisions"}],"predecessor-version":[{"id":874,"href":"https:\/\/latetdanslesetoiles.com\/index.php\/wp-json\/wp\/v2\/pages\/856\/revisions\/874"}],"wp:attachment":[{"href":"https:\/\/latetdanslesetoiles.com\/index.php\/wp-json\/wp\/v2\/media?parent=856"}],"curies":[{"name":"wp","href":"https:\/\/api.w.org\/{rel}","templated":true}]}}

Théâtre Lyrique

<p style="font-size:24px"><strong>Saint-Saëns, le voyageur amoureux de l’Orient</strong></p>



<p class="has-text-color has-vivid-cyan-blue-color"><em>Second mouvement</em></p>



<p>Camille Saint-Saëns avait pour la voix humaine la plus haute considération. C’était pour lui « l’instrument par excellence, le seul instrument vivant5 ». Il alla jusqu’à qualifier « les<br>autres, les instruments fabriqués par nos mains, [de] pâles et maladroites imitations de la voix humaine6 ». Ses toutes premières compositions, datées de 1841, furent d’ailleurs des mélodies (Le Soir, barcarolle à deux voix et La Maman). Il en composa beaucoup d’autres, notamment des mélodies de concert avec accompagnement orchestral.<br><br>Ce programme se compose d’oeuvres orchestrales et de mélodies avec orchestre interprétées par l’Opéra Volubilis Orquestra et les artistes lyriques formant la troupe du spectacle Rêverie orientale (création 2021).</p>



<p class="has-text-color has-vivid-cyan-blue-color">S<strong>ynopsis</strong></p>



<p class="has-text-color has-very-dark-gray-color">Un narrateur, biographe de Saint-Saëns, retrace un voyage du compositeur. Tel une hirondelle, l’illustre musicien part de Paris pour fuir les frimas dès l’automne. Il rejoint Marseille, où il embarque pour l’Algérie. Après un séjour en Alger, il rejoindra l’Égypte et, poussant sa quête toujours plus loin vers l’Extrême-Orient, qui sait s’il n’ira pas, un jour, jusqu’au Japon ?</p>



<p class="has-text-color has-vivid-cyan-blue-color"><br><strong>Prologue : Paris</strong></p>



<p>À Paris, Camille Saint-Saëns cherche un moyen de se soustraire au bruit et à l’agitation pour composer en paix. Il décide d’aller passer quelques mois loin de la capitale, au soleil.</p>



<p class="has-text-color has-vivid-cyan-blue-color"><strong>Première partie : Algérie</strong></p>



<p>Précédée d’une scène inaugurale, la Suite algérienne sert d’ouverture a une deuxième scène<br>au cours de laquelle les solistes interprètent huit mélodies de Saint-Saëns (Rêverie, Plainte,<br>L’Attente, Souvenances, Soirée en mer, L’Enlèvement, Thème varié, Le Lever de la lune).</p>



<p class="has-text-color has-vivid-cyan-blue-color"><br><strong>Seconde partie : Moyen-Orient</strong></p>



<p>Après l’entracte, la rhapsodie pour piano et orchestre Africa ouvre la seconde partie. Elle est suivie d’une scène débouchant sur le cycle Nuit persane (pour orchestre de chambre, quatre voix et un narrateur).</p>



<p class="has-text-color has-vivid-cyan-blue-color"><br><strong>Opéra Volubilis Orquestra</strong></p>



<p>Cordes<br>Alain Moglia, Benjamin Viguier, Audrey Irles, Roxane Kowalski, violon<br>Diane Dubon, Aude Massat, Sylvia Blondeau, alto <br>Isabelle Massat-Nazon, Mélody Giot, violoncelle <br>Emma Folcher, contrebasse<br>Autres pupitres : distribution en cours</p>



<hr class="wp-block-separator"/>



<p><br>5SAINT-SAËNS, « L’illusion wagnérienne », Portraits et souvenirs, p. 216.</p>



<p><br><em>6Ibi</em>dem.</p>



<p></p>



<p></p>

<p>Saint-Saëns, le voyageur amoureux de l’Orient Second mouvement Camille Saint-Saëns avait pour<a class="blog-post-excerpt-more" href="https://latetdanslesetoiles.com/index.php/theatre-lyrique/" rel="bookmark"><i class="fa fa-angle-double-right"></i></a></p>
